{"id":3667,"date":"2024-12-13T13:36:29","date_gmt":"2024-12-13T13:36:29","guid":{"rendered":"https:\/\/wanaskonst.se\/exhibitions\/art-words-the-forest-sings-at-night\/"},"modified":"2026-02-23T15:15:08","modified_gmt":"2026-02-23T15:15:08","slug":"art-words-the-forest-sings-at-night","status":"publish","type":"exhibitions","link":"https:\/\/wanaskonst.se\/en\/exhibitions\/art-words-the-forest-sings-at-night\/","title":{"rendered":"Art &amp; Words: The Forest Sings at Night"},"content":{"rendered":"\n<div class=\"wp-block-columns is-layout-flex wp-container-core-columns-is-layout-cb40aab8 wp-block-columns-is-layout-flex\" style=\"padding-right:0;padding-left:0\">\n<div class=\"wp-block-column is-layout-flow wp-block-column-is-layout-flow\" style=\"padding-right:0\">\n<div class=\"wp-block-group is-vertical is-layout-flex wp-container-core-group-is-layout-ea0cb840 wp-block-group-is-layout-flex\" style=\"font-style:normal;font-weight:400\">\n<h3 class=\"wp-block-heading has-l-font-size\" style=\"margin-top:30px;font-style:normal;font-weight:700;text-transform:uppercase\">About<\/h3>\n\n\n\n<p style=\"font-size:clamp(14.082px, 0.88rem + ((1vw - 3.2px) * 0.586), 21px);\"><strong>Curated by Milena H\u00f8gsberg and Filipa Ramos, the third edition of the Art &amp; Words festival, titled The Forest Sings at Night, celebrates the night and darkness as vital resources for deepening sensory experiences. Darkness connects us to the body\u2019s inner rhythms, non-linear perceptions of time, and the ancient knowledge carried by the starry sky.<\/strong><br><br><\/p>\n\n\n\n<p class=\"has-m-font-size\">Experience the forest in its autumn cloak and take part in a one-day festival that stimulates both the senses and the intellect. Listen to Swedish biologist and author of the New York Times bestseller The Darkness Manifesto, Johan Ekl\u00f6f, speak about the importance of darkness for bats and other animals that live in the dark \u2013 and what we humans can learn from them. Or immerse yourself in the artistic contributions: Tue Greenfort\u2019s creative workshop where you can explore moonlight, fluorescent cow bones, and more; Lea Porsager\u2019s s\u00e9ance in collaboration with Icelandic musician Hugr\u00fan Fj\u00f3la Hafsteinsd\u00f3ttir; Jana Winderen\u2019s sound performance; and Katja Aglert, who takes us on a performative forest walk embracing darkness through history, the present, and more-than-human perspectives. The festival concludes with a communal meal in the caf\u00e9 and a guided walk through the sculpture park after nightfall. For those traveling from Copenhagen or Malm\u00f6 there is a roundtrip bus that leaves 8.45 from CPH and 9.20 from Malm\u00f6, the bus returns in the evening at 5.30. Get your bus ticket when you book tickets to the festival.<br><br><\/p>\n\n\n\n<p class=\"has-m-font-size\">The annual Wan\u00e5s Art &amp; Words festival explores literature and ideas related to ecology and more-than-human worlds that presently inspire contemporary art practitioners. The festival is composed of both indoor and outdoor activities and intended as a day for all the senses. Stories that shape our relationship with the planet are shared through performances, readings, talks, workshops, and nature experiences. These propose a profound engagement with other species and nature, as well as with forms of situated knowledge, traditions, and each other. Art &amp; Words premiered in 2023 with the title Mycocosm, focusing on fungi and mycelium networks, and continued in 2024 under the title Jellyfish &amp; Deep Dreams, exploring intuitive connections to the sea and animal consciousness.<\/p>\n<\/div>\n<\/div>\n\n\n\n<div class=\"wp-block-column is-layout-flow wp-block-column-is-layout-flow\" style=\"padding-right:0\">\n<div class=\"wp-block-group is-vertical is-layout-flex wp-container-core-group-is-layout-06a65356 wp-block-group-is-layout-flex\" style=\"padding-right:0;padding-left:0;font-style:normal;font-weight:400\">\n<p class=\"has-s-font-size\" style=\"margin-top:30px\"><br>Here you can book your tickets, sign up to the various activities and if you want book a roundtrip bus from Copenhagen and Malm\u00f6.<br>NOTE: Booking is done in several steps.<br><\/p>\n<\/div>\n\n\n\n<div class=\"wp-block-group is-vertical is-layout-flex wp-container-core-group-is-layout-06a65356 wp-block-group-is-layout-flex\" style=\"padding-right:0;padding-left:0;font-style:normal;font-weight:400\">\n<div class=\"wp-block-buttons is-layout-flex wp-block-buttons-is-layout-flex\">\n<div class=\"wp-block-button is-style-outline is-style-outline--1\"><a class=\"wp-block-button__link has-l-font-size has-custom-font-size wp-element-button\" href=\"https:\/\/billetto.se\/e\/wanas-art-words-festival-the-forest-sings-at-night-biljetter-1567231?bref=eyJzIjoib3JnYW5pc2VyIiwibSI6InNoYXJlIiwiYyI6Im1hbmFnZV92aXNpdCIsImNvIjoiMSIsInQiOjE3NTU1MDE0NDV9\" style=\"border-width:1px;border-radius:15px;padding-top:var(--wp--preset--spacing--10);padding-bottom:var(--wp--preset--spacing--10)\" target=\"_blank\" rel=\"noreferrer noopener\">GET TICKETS<\/a><\/div>\n<\/div>\n<\/div>\n\n\n\n<p><br><\/p>\n\n\n\n<div class=\"wp-block-buttons is-layout-flex wp-block-buttons-is-layout-flex\">\n<div class=\"wp-block-button is-style-outline is-style-outline--2\"><a class=\"wp-block-button__link has-l-font-size has-custom-font-size wp-element-button\" href=\"https:\/\/wanaskonst.se\/wp-content\/uploads\/2025\/09\/2025-Program-A5-en_book.pdf\" style=\"border-width:1px;border-radius:15px;padding-top:var(--wp--preset--spacing--10);padding-bottom:var(--wp--preset--spacing--10)\" target=\"_blank\" rel=\"noreferrer noopener\">PROGRAM<\/a><\/div>\n<\/div>\n\n\n\n<p><br><\/p>\n<\/div>\n<\/div>\n\n\n\n<div class=\"wp-block-columns is-layout-flex wp-container-core-columns-is-layout-aff9d64d wp-block-columns-is-layout-flex\" style=\"padding-right:0;padding-left:0\">\n<div class=\"wp-block-column is-layout-flow wp-container-core-column-is-layout-b108c007 wp-block-column-is-layout-flow\" style=\"padding-right:0;padding-left:0\">\n<div class=\"wp-block-group is-vertical is-layout-flex wp-container-core-group-is-layout-e49ca220 wp-block-group-is-layout-flex\" style=\"margin-top:0;margin-bottom:0;font-style:normal;font-weight:400\">\n<h3 class=\"wp-block-heading has-l-font-size\" style=\"margin-top:var(--wp--preset--spacing--10);font-style:normal;font-weight:700;text-transform:uppercase\"><\/h3>\n\n\n\n<p class=\"has-m-font-size\"><\/p>\n<\/div>\n<\/div>\n\n\n\n<div class=\"wp-block-column is-layout-flow wp-block-column-is-layout-flow\" style=\"padding-right:0;padding-left:0\">\n<div class=\"wp-block-group is-vertical is-layout-flex wp-container-core-group-is-layout-ea0cb840 wp-block-group-is-layout-flex\" style=\"font-style:normal;font-weight:400\">\n<p class=\"has-m-font-size\"><br><br><\/p>\n<\/div>\n\n\n\n<p><\/p>\n<\/div>\n<\/div>\n\n\n\n<p><\/p>\n\n\n\n<p><\/p>\n\n\n\n<p><\/p>\n","protected":false},"excerpt":{"rendered":"<p>About Curated by Milena H\u00f8gsberg and Filipa Ramos, the third edition of the Art &amp; Words festival, titled The Forest Sings at Night, celebrates the night and darkness as vital resources for deepening sensory experiences. Darkness connects us to the body\u2019s inner rhythms, non-linear perceptions of time, and the ancient knowledge carried by the starry [&hellip;]<\/p>\n","protected":false},"author":5,"featured_media":4888,"template":"","exhibition_category":[66,63],"class_list":["post-3667","exhibitions","type-exhibitions","status-publish","has-post-thumbnail","hentry","exhibition_category-visningar","exhibition_category-workshop"],"acf":{"image_caption":"Design Kiosk Studio","_exhibitions_dates_meta_key":"[\"2025-10-04\"]","exhibition_executor":"Katja Aglert, Johan Ekl\u00f6f, Tue Greenfort, Milena H\u00f8gsberg, Lea Porsager with Hugr\u00fan Fj\u00f3la Hafsteinsd\u00f3ttir, Filipa Ramos, and Jana Winderen","exhibition_price":"","exhibition_start_date":"20251004","exhibition_end_date":null,"ticket":[907]},"_links":{"self":[{"href":"https:\/\/wanaskonst.se\/en\/wp-json\/wp\/v2\/exhibitions\/3667","targetHints":{"allow":["GET"]}}],"collection":[{"href":"https:\/\/wanaskonst.se\/en\/wp-json\/wp\/v2\/exhibitions"}],"about":[{"href":"https:\/\/wanaskonst.se\/en\/wp-json\/wp\/v2\/types\/exhibitions"}],"author":[{"embeddable":true,"href":"https:\/\/wanaskonst.se\/en\/wp-json\/wp\/v2\/users\/5"}],"acf:post":[{"embeddable":true,"href":"https:\/\/wanaskonst.se\/en\/wp-json\/wp\/v2\/product\/907"}],"wp:featuredmedia":[{"embeddable":true,"href":"https:\/\/wanaskonst.se\/en\/wp-json\/wp\/v2\/media\/4888"}],"wp:attachment":[{"href":"https:\/\/wanaskonst.se\/en\/wp-json\/wp\/v2\/media?parent=3667"}],"wp:term":[{"taxonomy":"exhibition_category","embeddable":true,"href":"https:\/\/wanaskonst.se\/en\/wp-json\/wp\/v2\/exhibition_category?post=3667"}],"curies":[{"name":"wp","href":"https:\/\/api.w.org\/{rel}","templated":true}]}}

<div class="wp-block-columns is-layout-flex wp-container-core-columns-is-layout-cb40aab8 wp-block-columns-is-layout-flex" style="padding-right:0;padding-left:0">
<div class="wp-block-column is-layout-flow wp-block-column-is-layout-flow" style="padding-right:0">
<div class="wp-block-group is-vertical is-layout-flex wp-container-core-group-is-layout-ea0cb840 wp-block-group-is-layout-flex" style="font-style:normal;font-weight:400">
<h3 class="wp-block-heading has-l-font-size" style="margin-top:30px;font-style:normal;font-weight:700;text-transform:uppercase">About</h3>



<p style="font-size:clamp(14.082px, 0.88rem + ((1vw - 3.2px) * 0.586), 21px);"><strong>Curated by Milena Høgsberg and Filipa Ramos, the third edition of the Art &amp; Words festival, titled The Forest Sings at Night, celebrates the night and darkness as vital resources for deepening sensory experiences. Darkness connects us to the body’s inner rhythms, non-linear perceptions of time, and the ancient knowledge carried by the starry sky.</strong><br><br></p>



<p class="has-m-font-size">Experience the forest in its autumn cloak and take part in a one-day festival that stimulates both the senses and the intellect. Listen to Swedish biologist and author of the New York Times bestseller The Darkness Manifesto, Johan Eklöf, speak about the importance of darkness for bats and other animals that live in the dark – and what we humans can learn from them. Or immerse yourself in the artistic contributions: Tue Greenfort’s creative workshop where you can explore moonlight, fluorescent cow bones, and more; Lea Porsager’s séance in collaboration with Icelandic musician Hugrún Fjóla Hafsteinsdóttir; Jana Winderen’s sound performance; and Katja Aglert, who takes us on a performative forest walk embracing darkness through history, the present, and more-than-human perspectives. The festival concludes with a communal meal in the café and a guided walk through the sculpture park after nightfall. For those traveling from Copenhagen or Malmö there is a roundtrip bus that leaves 8.45 from CPH and 9.20 from Malmö, the bus returns in the evening at 5.30. Get your bus ticket when you book tickets to the festival.<br><br></p>



<p class="has-m-font-size">The annual Wanås Art &amp; Words festival explores literature and ideas related to ecology and more-than-human worlds that presently inspire contemporary art practitioners. The festival is composed of both indoor and outdoor activities and intended as a day for all the senses. Stories that shape our relationship with the planet are shared through performances, readings, talks, workshops, and nature experiences. These propose a profound engagement with other species and nature, as well as with forms of situated knowledge, traditions, and each other. Art &amp; Words premiered in 2023 with the title Mycocosm, focusing on fungi and mycelium networks, and continued in 2024 under the title Jellyfish &amp; Deep Dreams, exploring intuitive connections to the sea and animal consciousness.</p>
</div>
</div>



<div class="wp-block-column is-layout-flow wp-block-column-is-layout-flow" style="padding-right:0">
<div class="wp-block-group is-vertical is-layout-flex wp-container-core-group-is-layout-06a65356 wp-block-group-is-layout-flex" style="padding-right:0;padding-left:0;font-style:normal;font-weight:400">
<p class="has-s-font-size" style="margin-top:30px"><br>Here you can book your tickets, sign up to the various activities and if you want book a roundtrip bus from Copenhagen and Malmö.<br>NOTE: Booking is done in several steps.<br></p>
</div>



<div class="wp-block-group is-vertical is-layout-flex wp-container-core-group-is-layout-06a65356 wp-block-group-is-layout-flex" style="padding-right:0;padding-left:0;font-style:normal;font-weight:400">
<div class="wp-block-buttons is-layout-flex wp-block-buttons-is-layout-flex">
<div class="wp-block-button is-style-outline is-style-outline--1"><a class="wp-block-button__link has-l-font-size has-custom-font-size wp-element-button" href="https://billetto.se/e/wanas-art-words-festival-the-forest-sings-at-night-biljetter-1567231?bref=eyJzIjoib3JnYW5pc2VyIiwibSI6InNoYXJlIiwiYyI6Im1hbmFnZV92aXNpdCIsImNvIjoiMSIsInQiOjE3NTU1MDE0NDV9" style="border-width:1px;border-radius:15px;padding-top:var(--wp--preset--spacing--10);padding-bottom:var(--wp--preset--spacing--10)" target="_blank" rel="noreferrer noopener">GET TICKETS</a></div>
</div>
</div>



<p><br></p>



<div class="wp-block-buttons is-layout-flex wp-block-buttons-is-layout-flex">
<div class="wp-block-button is-style-outline is-style-outline--2"><a class="wp-block-button__link has-l-font-size has-custom-font-size wp-element-button" href="https://wanaskonst.se/wp-content/uploads/2025/09/2025-Program-A5-en_book.pdf" style="border-width:1px;border-radius:15px;padding-top:var(--wp--preset--spacing--10);padding-bottom:var(--wp--preset--spacing--10)" target="_blank" rel="noreferrer noopener">PROGRAM</a></div>
</div>



<p><br></p>
</div>
</div>



<div class="wp-block-columns is-layout-flex wp-container-core-columns-is-layout-aff9d64d wp-block-columns-is-layout-flex" style="padding-right:0;padding-left:0">
<div class="wp-block-column is-layout-flow wp-container-core-column-is-layout-b108c007 wp-block-column-is-layout-flow" style="padding-right:0;padding-left:0">
<div class="wp-block-group is-vertical is-layout-flex wp-container-core-group-is-layout-e49ca220 wp-block-group-is-layout-flex" style="margin-top:0;margin-bottom:0;font-style:normal;font-weight:400">
<h3 class="wp-block-heading has-l-font-size" style="margin-top:var(--wp--preset--spacing--10);font-style:normal;font-weight:700;text-transform:uppercase"></h3>



<p class="has-m-font-size"></p>
</div>
</div>



<div class="wp-block-column is-layout-flow wp-block-column-is-layout-flow" style="padding-right:0;padding-left:0">
<div class="wp-block-group is-vertical is-layout-flex wp-container-core-group-is-layout-ea0cb840 wp-block-group-is-layout-flex" style="font-style:normal;font-weight:400">
<p class="has-m-font-size"><br><br></p>
</div>



<p></p>
</div>
</div>



<p></p>



<p></p>



<p></p>

<p>About Curated by Milena Høgsberg and Filipa Ramos, the third edition of the Art &amp; Words festival, titled The Forest Sings at Night, celebrates the night and darkness as vital resources for deepening sensory experiences. Darkness connects us to the body’s inner rhythms, non-linear perceptions of time, and the ancient knowledge carried by the starry [&hellip;]</p>

Katja Aglert, Johan Eklöf, Tue Greenfort, Milena Høgsberg, Lea Porsager with Hugrún Fjóla Hafsteinsdóttir, Filipa Ramos, and Jana Winderen
